ne w(10).
-1
Let a(x) = -4*x**3 + x**2 - 2*x + 1. Suppose 21 = -2*w + 5*f, 4*w - f - f = -2. Suppose 11 = 3*y - 2*m, -4*y - 3*m = -w*m. Determine a(y).
-4
Let r(u) be the third derivative of -u**5/60 - 3*u**4/8 + 2*u**3/3 - 6*u**2. Give r(-9).
4
Let n(c) = -8 + 4 + 2*c + 5*c - 5*c. Determine n(4).
4
Let b(j) = -4*j**2 - 3. Let o = -4 - -8. Suppose -7*n = -o*n - 15. Let f(c) = -3*c**2 - 2. Let k(l) = n*f(l) - 4*b(l). Give k(2).
6
Let y = -26 - -28. Let f be (6 - 7)/(-1 + y). Let p(n) = 7*n**3 - n**2 - n - 1. Calculate p(f).
-8
Let q(n) be the first derivative of 2*n**3/3 - 2*n**2 + 4*n - 47. What is q(3)?
10
Let d(r) = -r + 1. Let v(c) = -c. Let y be v(3). Let l be d(y). Let z(a) = 1 - 2*a + 3 + 0. What is z(l)?
-4
Let g(y) = -4*y**3 + 9*y**2 + y + 2. Let v(c) = -c**3 + c**2 + 1. Let a(j) = -g(j) + 3*v(j). What is a(6)?
-5
Let m(d) = -5*d + 3. Let n(t) = 11*t - 7. Let l(c) = 7*m(c) + 3*n(c). Give l(-3).
6
Let k(y) = -y**3 - 8*y**2 - 12*y - 2. Let m be k(-6). Let r(t) = t**3 + 2*t**2 - 2. What is r(m)?
-2
Suppose -5*o = -29 - 16. Let t(h) = h**2 - 10*h + 5. Give t(o).
-4
Let v(a) be the second derivative of a**5/20 + a**4/3 - a**3/2 + 4*a. Calculate v(2).
18
Let w(o) = o**2 - 5*o + 5. Let h be (-1)/((-3)/(-2) - 2). Let d(c) = 3*c**2 - 11*c + 10. Let r(l) = h*d(l) - 5*w(l). Calculate r(-6).
13
Let s(k) = -10 + 7*k - 6*k**2 - 5*k + 9. Determine s(1).
-5
Let y(i) = -i - 1. Suppose -2*q = -8*q - 6. What is y(q)?
0
Let y(t) be the first derivative of -5*t**2/2 + 11*t - 8. Let z(a) = a - 3. Let i(d) = 2*y(d) + 9*z(d). What is i(-6)?
1
Let j(f) = 2*f + 1. Suppose 6*t = -0*t + 18. Give j(t).
7
Let x(h) = 5 - 3*h**2 + 2*h - h**3 - 2*h**2 + 1. Let j(o) = o**3 - 9*o**2 - 24*o + 17. Let f be j(11). Calculate x(f).
-4
Let c(m) = -m**3 + 7*m**2 - 8*m + 2. Let g = -82 + 88. Calculate c(g).
-10
Let b(d) be the first derivative of 2*d**2 - 2*d + 24. Calculate b(2).
6
Let n(d) = 3 - 6*d - 4 - 2 + 0*d. Let s be (-4)/(-10) + (-12)/5. Give n(s).
9
Let g be (2 - (-1 - -2))*1. Let a(j) = -j + 2. Determine a(g).
1
Let x be ((-24)/(-64))/((-3)/(-2)). Let g(z) be the third derivative of -1/120*z**6 + 1/10*z**5 - z**2 + 0*z + 0 - 1/2*z**3 - x*z**4. Determine g(5).
-8
Let g(d) = 2*d - 5. Let y(w) = -2*w - 10. Let o be y(-7). Let i be g(o). Let z(v) = -4*v - 1 - v**i - 4*v**3 + 5*v. What is z(1)?
-5
Let y(a) = a + 7. Let w(g) = -g - 6. Suppose -6*k = -9*k - 15. Let s(q) = k*y(q) - 6*w(q). What is s(6)?
7
Let p(l) be the first derivative of -l**4/4 + 5*l**3/3 + 3*l**2 - 3. Determine p(6).
0
Suppose 0 = -3*d - 4*d. Let u(a) = -a**3 + 10. Determine u(d).
10
Let z(f) be the first derivative of -7*f**4/12 + f**3/6 + 2*f - 4. Let d(p) be the first derivative of z(p). Give d(1).
-6
Let l(z) = -z**3 - 6*z - 3*z**3 - 6*z**2 + 5*z**3 - 15 + 5. Determine l(7).
-3
Suppose 4*b + 0*a - 87 = -3*a, 99 = 4*b - a. Suppose 5*m - 18 - 2 = 0. Suppose y + 14 = o + 3*y, o - b = -m*y. Let h(v) = 2*v - 4. What is h(o)?
4
Let y(f) be the third derivative of f**7/840 - f**6/72 + f**5/24 - f**4/8 + 2*f**3/3 - 8*f**2. Let k(c) be the first derivative of y(c). Determine k(4).
1
Let b(h) = -h - 6. Let q(v) = -5. Let g(w) = w**3 + 4*w**2 - 5*w + 3. Let u be g(-5). Let a(o) = u*q(o) - 2*b(o). Determine a(3).
3
Let q be ((-1)/(-3))/(1/6). Suppose 4*z - 11 - 5 = 0. Let a(t) = -z + 2 - q*t + t. Calculate a(-5).
3
Let n(s) = s**2 + 8*s + 5. Let y be 3 - 0/4 - 8. What is n(y)?
-10
Let r(g) = 2*g**2 - g**3 + 1 - 3*g**3 + 3*g**3 - g. Let l(p) = -3*p**3 + p**2 + p + 1. Let w be l(-1). Suppose 3*n - n = w. Give r(n).
-1
Suppose -8 = -2*x - 24. Let l = -5 - x. Let h(z) = z**2 - 6 + z**2 + 8*z - l*z**2. Give h(6).
6
Let z(t) = -t - 4. Suppose 0*v = 4*v + 24. Let r be 10*(3/v)/(-1). Suppose -3*g - 6 = 0, -r*d - 3*g - 7 = 24. Determine z(d).
1
Let a(j) = -4 - 5 + 3 - j. Let v be a(-7). Let o(s) = 4*s**2 - 1 + 1. Determine o(v).
4
Suppose 4 = -5*s + 9. Let o be -1 + (-2 + 2 - s). Let f(d) = 0*d - 2 - 2*d + d. Calculate f(o).
0
Suppose 5*a = 4*a. Let r = a - -5. Let x(o) = 5*o**2 - 6 - 3*o - 3*o**2 - o**2 + o. Calculate x(r).
9
Suppose 4*c - 5*i + 3 = 0, -i + 0*i = 1. Let w(z) be the third derivative of -z**6/60 - z**5/15 - z**4/8 - z**3/3 + 5*z**2. Determine w(c).
4
Let i(h) = -5*h + 1 + 3 - 2. Let m be ((-10)/5)/(2 + -1). Let f be ((-2)/5)/(m/10). What is i(f)?
-8
Let q(g) be the first derivative of g**4/4 + 7*g**3/3 + 5*g**2/2 - 7*g + 2. Suppose h - 4*h = 18. What is q(h)?
-1
Let v(h) = -h - 1. Suppose 27 = -4*q - q + 2*a, 8 = -4*q + 5*a. What is v(q)?
6
Suppose -2*w + 3*w - 5 = 0. Suppose -w*c = -2*c. Let z(x) = x + 5. Determine z(c).
5
Suppose 1 = -2*o - 9. Let y = o - -1. Let u(z) be the second derivative of -z**3/6 - 2*z**2 - 7*z. Give u(y).
0
Let l be (-20)/(-28) + 8/28. Let d(y) = -4*y**3 + 1. Give d(l).
-3
Let y be (-3 - 1) + 81/18. Let m(d) be the second derivative of y*d**2 - d - 1/6*d**3 + 0. Calculate m(3).
-2
Suppose -4*z = z. Suppose -3*r + 0*r = z. Suppose 0 = -r*p - p. Let o(y) = y**2 - 5. Give o(p).
-5
Let t(x) = x**3 + x**2 - x. Let g be ((-24)/40)/((-1)/5). Let r be (-1)/((-3)/g) + -2. Let n be (3*2/6)/r. Determine t(n).
1
Let b be (5/(-3))/(8/(-24)). Let x(n) = n**2 - 9*n + 5. Calculate x(b).
-15
Let u(j) = j**2 + 8*j + 10. Let i be u(-7). Let d(t) be the third derivative of 0 + 4*t**2 + 2/3*t**3 + 0*t - 1/24*t**4. Give d(i).
1
Let z(a) = -a**3 + 4*a**2 - 2*a + 2*a**2 - 4*a**2 + 0*a**3 - 1. Calculate z(2).
-5
Let g = -15 + 23. Let k(c) = -c**2 + 11*c - 8. Determine k(g).
16
Suppose a + 1 + 0 = -3*t, 0 = -a + 2*t + 4. Let j(k) = -2*k. Calculate j(a).
-4
Let t(d) = -5*d - 3 - d**2 - 1 + 3. Let v(u) = u + 7. Let b be v(-11). Determine t(b).
3
Let c(t) be the second derivative of t**5/10 - t**3/3 - 32*t. Determine c(2).
12
Let n be -3*(1 - (-6)/(-3)). Suppose 0*j + 9 = n*j. Suppose 3*i + 10 = 2*i - j*u, -4*u - 5 = 3*i. Let v(r) = r**2 - 5*r. What is v(i)?
0
Let x(v) = 3*v + 46. Let t be x(-16). Let l(h) = 2*h. Give l(t).
-4
Let k(n) = n**3 + 8*n**2 + 7*n + 4. Suppose i + c - 8 = 5*i, -4*i + 16 = 5*c. Let w = i + -6. Calculate k(w).
4
Suppose 3*b - 7*d - 10 = -3*d, 0 = -5*d - 5. Let j(f) be the third derivative of 1/24*f**4 + 0*f + 0*f**3 + f**2 + 0. Give j(b).
2
Let b(o) = o + 2. Let n = -29 - -29. Give b(n).
2
Let b(h) = 2*h**2 + 9*h + 6. Let w be b(-3). Let p(v) = -v + 3. What is p(w)?
6
Let o(z) be the third derivative of -z**4/24 + z**3/6 + 16*z**2. Calculate o(1).
0
Let w(x) = 4*x + 5*x - 3*x. Suppose 3*j = -2*j, -2*j - 2 = -2*h. Determine w(h).
6
Let l = -51 + 53. Let w(g) = 5*g**3 + 7*g**2 + 4*g - 5. Let h(j) = -14*j**3 - 20*j**2 - 11*j + 14. Let z(y) = 6*h(y) + 17*w(y). What is z(l)?
7
Let w(k) = k**3 - 3*k**2 - 4*k - 2. Let v be ((-80)/30)/(4/(-6)). Calculate w(v).
-2
Suppose -7*d = -1 - 20. Let m(j) = 2*j + 1. Calculate m(d).
7
Suppose 3*i - 5 + 2 = 0. Let q(b) be the third derivative of b**5/12 + b**4/12 - b**3/6 + b**2. Calculate q(i).
6
Let k(t) = -t**3 + 3*t**2 + 4*t + 1. Let z be k(4). Let q(n) = 2 + n**2 - 1 + 6*n + z. Determine q(-6).
2
Let m(l) = l**3 + 3*l**2 + l + 1. Let j be m(-2). Let n(a) = j*a - 2 - 5*a + 3*a. What is n(0)?
-2
Let c(k) = -k**3 - 6*k**2 - 4*k + 2. Let o be (-1 + (-2)/(-4))/((-13)/(-26)). Let r be 36/10 + (-4)/(-10). Let g = o - r. Calculate c(g).
-3
Let b(h) = 5*h + 1. Let m = -37 - -38. What is b(m)?
6
Let a = -26 + 31. Let n(p) = p - 5. Give n(a).
0
Let f(p) = -p**2 + 6*p - 2. Let b = -109 - -155. Suppose 4*g + b = 5*i + 6, 3*i + g = 7. What is f(i)?
6
Let j(l) be the third derivative of -l**5/60 - l**4/8 + l**3 + 5*l**2. What is j(-5)?
-4
Let t(o) = -o - 12. Let d(q) = q**3 + 21*q**2 - 21*q + 25. Let i be d(-22). Suppose 0 = 2*w + 6 - 0. Let p = i + w. Calculate t(p).
-12
Let x be (-3)/(18/8)*(3 + -6). Let r(f) = -2*f**2 + 3*f. What is r(x)?
-20
Suppose 0 = 5*r - 4 + 9. Let v(j) = j**2 + 9*j + 11. Let b be v(-8). Let g(x) = 1 + 4 + b*x - 4. Give g(r).
-2
Let p(b) = b + 1. Let y(z) = -4. Let d(s) = -2*p(s) - y(s). Give d(2).
-2
Let a(o) = o. Let u(n) = -16*n. Let r(d) = 2*d + 9. Let g be r(-6). Let x(w) = 5*w. Let y(f) = g*u(f) - 8*x(f). Let i(j) = -3*a(j) - y(j). What is i(-1)?
11
Let a(h) = -2*h**2 + h - 1. Let k(i) = -i**2 + i - 1. Let q(z) = -4*a(z) + 3*k(z). Suppose -4*r - 10 = 2*m, -4*m = m - 3*r - 14. Give q(m).
5
Let s be (-3)/6 + 39/6. Let m(x) = -